
153
Suppose 0 = 4*i - 2*m - 20 - 24, 0 = i - 5*m - 29. Let l be 3*(-1)/(3/(-4)). Suppose -l*u + 45 = u. What is the highest common divisor of u and i?
9
Let i(q) = -q**3 - 3*q**2 + 6*q + 4. Let o be i(-5). Suppose -3*t = 831*z - 837*z + 5340, 0 = -5*t - 20. What is the highest common divisor of o and z?
24
Suppose 5*o = 3*j - 51, j + 4*o + 163 = 214. Calculate the highest common divisor of 1005 and j.
3
Let s(g) = 15*g**2 + 78*g + 69. Let k be s(-5). Calculate the greatest common factor of k and 1986.
6
Let z be 930*((-4)/20)/(6/(-15)). Suppose z = 3*q - 4*o, -5*q + 0*q + 740 = 5*o. Let a = q - 107. What is the greatest common factor of 4 and a?
4
Let z(k) = k**2 - 5. Let d be z(3). Let j be (1976/190)/((24/15)/d). What is the highest common divisor of 832 and j?
26
Suppose -20 = -5*q, -a = 4*a + 3*q - 97. Suppose 783 = 25*z - 917. What is the greatest common factor of z and a?
17
Let b = 1204 - 1201. Calculate the greatest common factor of 2883 and b.
3
Let i = 99 - 25. Let h = i + -70. Suppose -6*l = -2*l + h*p - 180, 0 = -4*l + 3*p + 180. Calculate the greatest common factor of 9 and l.
9
Let p be -32*((16/16)/(3/(-9)) - 6). What is the greatest common factor of p and 369?
9
Let w be (24/(-10))/(1 + (-30)/25). Let f = 5 + -3. Suppose f*v + 2*x - 21 - 49 = 0, -3*v = -x - 109. What is the highest common factor of v and w?
12
Let r(s) = -s**2 + 9*s + 66. Let g(p) = -2. Let z(n) = 5*g(n) - r(n). Let m be z(16). What is the highest common divisor of m and 6?
6
Suppose -2*y + 4*f = y + 577, 384 = -2*y + 2*f. Let v = 225 + y. What is the greatest common factor of 374 and v?
34
Suppose -2 = -2*d - 6, 4*p - 5946 = 3*d. What is the greatest common factor of p and 54?
27
Suppose 3*h - 15 = 0, -3 = 4*t - 4*h + 5. Let b(v) = 4*v**3 - 5*v**3 - 4 - t*v - 5*v - 8*v**2. Let i be b(-7). What is the highest common factor of 27 and i?
3
Let g be 2*-7*6/(-12). Let d = g + -2. What is the greatest common divisor of d and 40?
5
Suppose -4*k - 4*b = -32, k - 58 = -3*b - 52. What is the highest common divisor of 726 and k?
3
Let n be 4/(-18) + (-2912)/(-144). Let t be (n - 5)*(-273)/9. Let g = -320 - t. Calculate the greatest common divisor of 27 and g.
27
Let g(h) = h**3 - 4*h**2 - 8*h + 2. Let v be g(6). Let d(s) = 4787*s + 82601. Let m be d(-17). Calculate the highest common factor of v and m.
26
Suppose 385*p - 190*p = 193*p + 84. Let m = -18 + 39. What is the highest common divisor of m and p?
21
Suppose -3*v + 737 = 5*c, -v - 9*c = -13*c - 240. Suppose -v + 94 = -3*o. Calculate the highest common factor of o and 325.
25
Let d(c) = -2*c**2 - 14*c + 28. Suppose -64 - 41 = 15*j. Let x be d(j). Calculate the greatest common factor of x and 28.
28
Let w be 1/1*5/1. Suppose -2*f - 15 = -w*j - f, j - 3 = f. Let u be (5/j)/((-14)/(-42)). Calculate the greatest common factor of 55 and u.
5
Let b be 7058/10 - 7/(-35). Calculate the greatest common divisor of b and 2.
2
Suppose 311*p = 322664 + 392014. What is the highest common factor of p and 6?
6
Let i(m) = -7*m - 55. Let w(k) = k**2 - 10*k - 33. Let z be w(12). Let s be i(z). What is the greatest common divisor of s and 256?
8
Let j(i) = 20*i + 4. Let x be j(4). Suppose -3*s = 4*d - 0 - 16, -3*d + 5*s = 17. Let g be 5*(-211)/(-5) - d. Calculate the highest common divisor of x and g.
42
Suppose 3*c + m - 11152 = 0, 5*c - 18588 = 31*m - 34*m. What is the greatest common factor of c and 9?
9
Let v = -10734 + 10842. Suppose 0 = -5*k + 5, -n - 643 = -4*n - 4*k. Let y = n - v. What is the greatest common factor of 21 and y?
21
Let x(i) = 2*i**3 + i**2 + 11*i + 110. Let j be x(0). What is the greatest common divisor of j and 935?
55
Let x be (-17064)/(-45) + 52/39*6/10. Calculate the highest common divisor of 418 and x.
38
Let o be (-4)/10 - 10260/(-25) - 5. Calculate the highest common factor of o and 15.
15
Suppose -4*i - 6215 = -4*c - 2143, 3*c + 5*i = 3078. Suppose 2*o = -4*g - 0*o + 1030, o + c = 4*g. What is the highest common divisor of g and 16?
16
Let u(t) = -1514*t - 952. Let a be u(-7). What is the greatest common factor of a and 364?
182
Let d(g) = -3*g**2 - 6*g - 8. Let r be d(-3). Let q = 52 - r. Calculate the greatest common factor of 23 and q.
23
Suppose -137 = -3*p - 5*n, 18*n = -p + 14*n + 48. Calculate the highest common divisor of p and 22132.
44
Suppose -u = -2*w + 6, 0*w - 3 = u - w. Suppose u = -38*c + 25*c + 338. Calculate the highest common divisor of 494 and c.
26
Suppose 8 = -5*n + 33. Suppose -2*b - k + 101 = 0, n*b + 5*k = 27 + 213. Suppose -13 = 2*f - b. Calculate the greatest common divisor of f and 10.
10
Suppose -166 = 4*j + j - 986. What is the highest common factor of 4 and j?
4
Suppose 0 = 4*u + 2*q + 2*q - 576, 0 = 3*u - 4*q - 432. Suppose 4*i - 14 - 2 = 0. Let z be i/6 - (-2 + 80/(-6)). What is the highest common divisor of z and u?
16
Let a(w) = 6*w + 32. Let q be a(-5). Suppose 83 - 61 = q*p. Calculate the highest common factor of p and 1.
1
Suppose -33*u + 29*u = 2*d - 34, 0 = -4*u - d + 41. Calculate the highest common divisor of 10068 and u.
12
Let l = -24836 - -34599. What is the highest common factor of l and 13?
13
Suppose 3*w = 5*c, -7*c = -4*w - 6*c. Suppose -v - 3*k - 13 + 9 = w, 0 = 5*v + 5*k. Let g be ((-5)/2 - -2)*-10. What is the greatest common factor of g and v?
1
Let j = -20 + 20. Suppose 8*t + 482 + 70 = j. Let c be -1 - (4/6)/(2/t). Calculate the greatest common factor of c and 66.
22
Suppose -25*x = 32*x - 1482. What is the highest common factor of x and 2093?
13
Suppose -6 = 3*x, -54 = -3*d + d - x. Let b be 9/2*(-56)/(-4). Let q be 12/(-9)*b/(-6). What is the greatest common factor of d and q?
14
Let w(x) = -x**2 - 3. Let a(r) = -r**3 - 12*r**2 + 15*r - 22. Let j(n) = -a(n) + 6*w(n). Let p be j(-5). What is the greatest common factor of 16 and p?
8
Let x be (9*6)/((-276)/(-920)). What is the highest common factor of x and 470?
10
Let g = -140 + 167. Suppose 8*j = 30*j - 132. What is the greatest common factor of g and j?
3
Suppose 0 = 5*i + c - 243, -14*i + 15*i + 5*c - 15 = 0. Calculate the highest common factor of 20 and i.
10
Let q(z) = -3*z**2 - 8*z + 76 + 8*z + 2*z**2. Let m be q(0). What is the greatest common factor of m and 4?
4
Suppose 27 = 2*k + 53. Let s be 65/k*(2 - 0)/(-2). Calculate the highest common factor of 7 and s.
1
Let k(q) = -11*q - 3. Let m be k(-3). Let z be 225/m*(-4)/(-3). Suppose -2*d + 0*d = -220. Calculate the highest common divisor of z and d.
10
Let s(a) = 51*a**2 + 47*a + 314. Let g be s(-7). What is the highest common divisor of 324 and g?
108
Suppose 0 = -2*j - 5 - 25. Let b be (-447)/j - (4/(-10))/2. Suppose b*u = 31*u - 42. Calculate the highest common factor of u and 14.
14
Let o be (-2)/4*2*-117. Let n(x) = -192*x - 4. Let r be n(1). Let d = r - -209. What is the greatest common factor of d and o?
13
Let s(a) = a**3 + 8*a**2 - 4*a - 7. Let p be s(-8). Suppose -451 = -p*f + 14*f. Calculate the greatest common divisor of f and 41.
41
Suppose -4*s = 43*m - 38*m - 542, 0 = 5*m - 4*s - 518. What is the highest common divisor of 1272 and m?
106
Suppose 174*w - 20433 = 35*w. What is the highest common factor of 777 and w?
21
Let a be 4/(-18) - ((-485520)/270 + 13). What is the greatest common factor of 476 and a?
119
Let z be 4/(2 - -2) + -2 - -5. Suppose -z*q + 27 = 3*u, 4*q = 4*u - 8 - 28. What is the highest common divisor of u and 144?
9
Let y = 1019 - 447. Let r = 582 - y. Let o = 17 - 7. What is the greatest common factor of r and o?
10
Let d(i) = 105*i + 6. Let t be d(3). Let z = t - 136. Let l be (74 - 0)*10/20. Calculate the highest common factor of l and z.
37
Let q(w) = -w**3 - 97*w**2 - 117*w - 1344. Let t be q(-96). What is the highest common factor of t and 416?
32
Let p(a) = -a**2 + 18*a + 1913. Let g be p(51). What is the highest common factor of 4094 and g?
46
Let v(q) = 10*q**3 + q**2 - 8*q. Let b be v(3). What is the highest common factor of b and 1377?
51
Let d(w) be the third derivative of w**5/20 - 7*w**4/24 - 13*w**3/6 - 38*w**2. Let k be d(-4). Calculate the highest common factor of k and 21.
21
Let m = -21826 + 21842. Calculate the highest common divisor of m and 1960.
8
Let w = -591 + 597. Suppose -w*c + c - 2*l = -1850, l + 1099 = 3*c. What is the highest common divisor of c and 115?
23
Suppose 18297